 (33 - -3).
-37
What is the value of -23 - ((-5 - (3 + (0 - 3))) + -1)?
-17
What is -10 + -1 + (39 - (35 + 1 - 14))?
6
What is 2 - -2 - ((-50 - -33) + (0 - -5))?
16
13 - 8 - (1 - -5) - (-1 - 5)
5
What is 15 + -2 - (3 - -9)?
1
Evaluate (8 + (-24 - 6) - -9) + 11.
-2
What is the value of -24 + (43 - (-33 - -45))?
7
What is the value of -35 - ((-28 - 2) + -40)?
35
-31 + 1 - (28 - 0 - 37)
-21
What is the value of 12 - (3 - ((10 - -3) + (-7 - 1)))?
14
Evaluate 177 + -187 - (1 - 2 - -9).
-18
Evaluate 55 + -41 + -1 + -4.
9
(-8 + 3 - 4) + (1 - 1) + 14
5
Evaluate (22 - 23) + -3 + -1.
-5
Calculate (5 - 8) + 0 - (-7 + (-11 - 0)).
15
Calculate -27 + -9 + (24 - (-1 + 2)) + -5.
-18
What is the value of -11 + 1 + 236 + -226?
0
Calculate -209 + 224 - (5 + -6 + 31).
-15
Calculate -14 + (-16 - (-13 + -2)) + 10.
-5
Calculate (20 - 29) + -9 - -9.
-9
Evaluate (4 - (3 - (-1 + -5))) + 11 + -13.
-7
Evaluate (-5 - -2) + (5 - (-12 + 31)).
-17
What is the value of (2 - 6 - (29 + -14 - 21)) + -1?
1
What is (-10 - 2 - (14 + -45)) + (2 - 0)?
21
What is 1 - 1 - (-60 + 64)?
-4
What is 6 - (-4 - 1) - (-47 + 82)?
-24
What is (-4 - 10) + 9 - -8?
3
What is (0 - 9) + (-3 - (-14 - -9))?
-7
8 + (-4 - (6 - 3)) - (6 + -3)
-2
Evaluate (6 - 5 - 10) + 13.
4
Calculate (-8 + 4 - -12) + -18.
-10
0 - -30 - (-452 + 488)
-6
Calculate (-28 - -11) + -9 + 12 - 11.
-25
What is the value of -19 - (-1 + 0) - -3 - (241 - 237)?
-19
Calculate 10 - (11 + 3 - (5 + -12)).
-11
Evaluate (0 - ((6 - 12 - -6) + 3)) + -9.
-12
Calculate 7 - (0 - -30) - (-1 + 3 - 7).
-18
2 + -11 + -24 + (0 - -6)
-27
Evaluate -9 + (14 - (-22 + 12) - -7).
22
Calculate 1836 - 1833 - ((0 - 1) + -6).
10
Calculate -7 + 7 + 9 - ((7 - 10) + 11).
1
Calculate -2 + 0 + -6 - (-10 + 7 - -15).
-20
Evaluate (-6 - -5 - 0 - (-13 - -10)) + -24.
-22
What is the value of (-12 - (-10 - -12)) + (-5 - 0) + 2?
-17
Evaluate 21 + -6 - 73 - -27.
-31
Evaluate -19 - (-11 + (2 - -4 - 2)).
-12
-21 + 44 + 14 + -36
1
What is the value of -8 + ((2 - 1) + -5 - -16)?
4
Calculate -9 - (0 + (-18 - -14)) - (-8 + -1).
4
(-7 + -57 - -27) + 13
-24
What is the value of 1 + -16 + 9 - 1 - -8?
1
What is the value of -6 + (3 - (5 - 11)) + -10?
-7
Calculate 7 - 4 - 7 - (18 + -7 + -30).
15
Evaluate (-2 - -2 - 6) + (20 - 11 - 10).
-7
What is the value of -26 + 12 + 5 - 3?
-12
What is -1 + -20 + -7 + (-19 - -9)?
-38
What is the value of -1 - -5 - (6 - (-9 - (-2 + -26)))?
17
Calculate 0 + -1 + (-14 - -1) + (1964 - 1966).
-16
Calculate 28 - 10 - (6 + (-2 - (9 + -7))).
16
What is the value of (-8 + -6 - (-3 - -7)) + 2?
-16
What is (2 - (-2 + 2)) + -10 + -778 + 773?
-13
What is the value of -28 - (-24 + 17 + (-12 - -6))?
-15
Evaluate -33 + 40 + -15 + -3 + (-1 - 1).
-13
27 + -4 + (6 - 7)
22
Calculate 36 + -35 - (-13 - -4) - -11.
21
-11 - (-2 - (-2 + 9))
-2
Evaluate -10 - (1 - -13 - 29).
5
What is 20 - ((2 - 14) + 23)?
9
Calculate 6 + -7 + (3 + (-19 - -8) - -1).
-8
1 + 0 + (-108 - -113)
6
What is 1 - (10 - (26 - -12 - 15))?
14
What is -18 + (-3 + -17 - -39)?
1
2 - (2 - (2 + 6)) - (-3 - -10)
1
What is (-1 - -2) + -1 + -3 + (-29 - -31)?
-1
Evaluate -13 - (-19 - -14) - (-5 - 8).
5
Calculate -1020 + 1010 + (2 - -16).
8
What is (-9 - -16) + (7 + -4 - (13 - 2))?
-1
What is the value of -10 + -7 - (-18 - (-24 - -13))?
-10
What is the value of (-18 - (1 + -3 + -8 - -4)) + -1?
-13
What is the value of 0 + (0 - 0) - -8 - (3891 + -3895)?
12
What is -30 + (18 - (20 - 10))?
-22
Calculate 10 - (33 - (11 + (-1 - 9))).
-22
What is the value of (-129 - -100 - (-3 + 1)) + -2 + -1?
-30
(13 - (-9 - -11)) + 3
14
(-47 - -48) + 8 + -9 + 2
2
Evaluate (-2 - 9) + (-29 - -27) + 36.
23
What is the value of -53 + 68 + (1 - 23)?
-7
Calculate (-2 + 2 - -3) + -2 - (7 + -18).
12
Evaluate (6 - (3 + -15)) + (12 - 7).
23
7 - (89 - 103 - ((1 - 0) + -3))
19
What is the value of (5 - 10 - -3 - -6) + -3?
1
What is 10 + (24 - 55) + -3?
-24
(-71 - -12) + 37 - -6
-16
Evaluate 1 - 21 - (-13 + (-9 - -3) + 21).
-22
Evaluate 4 + -1 - 0 - (-19 - -31).
-9
Evaluate (-4 + (-4 - 1) - 0) + 4 - -3.
-2
What is (13 - 3 - 15) + 19?
14
What is 728 + -740 + (1 - 2) + 17?
4
Evaluate 2 - 35 - -15 - 14.
-32
Calculate (1 + -9 - -5) + 9 + -1 + 4.
9
What is the value of -17 - (-12 - 11) - 26?
-20
Evaluate -8 + -22 - -34 - (-1 - (1 - -4)).
10
What is 8 - (-5 + (1 - -4) + -5)?
13
4 - (-7 + 1 + (5 - 6))
11
What is the value of 21 - (-4 + (35 - 9))?
-1
Evaluate 20 - 34 - (-16 - -2) - (-20 - 0).
20
What is 76 + -62 - (-4 + (40 - -9))?
-31
What is 1 + -12 + -6 - 20?
-37
Calculate 27 + (-34 - (22 + -22)).
-7
What is the value of -33 - (14 + (-3 - 28))?
-16
-7 + -5 + 1 + (15 - 6) + -6
-8
6 + 3 + -1 + 4 + (-7 - 1)
4
Calculate 3 + 7 - (5 + 14).
-9
Evaluate -2 + (3 - (15 - 2)).
-12
What is (-14 - 4) + (1 + 7 - -2)?
-8
What is (-2 + -6 - -2) + (17 - (-7 + 19))?
-1
What is -17 + (-10 - (-11 + 2 + 0))?
-18
Evaluate (2 - 11) + 8 - -9.
8
5 + 5 + -2 + (4 - 7)
5
Evaluate -1 + 5 + -2 - (4 - 2) - -32.
32
What is -4 + (8 - (-5 - (-6 - 4)) - -8)?
7
9 - -27 - ((4 - 0) + 4)
28
Evaluate 0 + 2 + 14 + -15.
1
Calculate -17 + 53 + -3 + -21.
12
Evaluate 1 + -6 - -9 - (-4 + 3).
5
-31 + (-1 - -1) - (-2067 - -2065)
-29
Evaluate 81 + -132 + 72 + (1 - (-1 + -6)).
29
Evaluate -137 + 128 + (0 - -6) + 14 - 8.
3
Calculate -7 - (-23 - (-14 - 1)) - -13.
14
-2 - 6 - (-7 + 10 + -8)
-3
What is -2 + 1 + 0 + 10 + (7 - 16)?
0
What is the value of 2 - 8 - (55 - 64)?
3
What is (10 + -32 - -22) + 3 + 1?
4
Evaluate 19 - (142 - 130 - (2 - -19)).
28
What is the value of -5 + 7 - (4 - ((-4 - -2) + 0))?
-4
What is 8 - ((-22 - -19) + 7)?
4
What is -23 - (13 + -8) - -10?
-18
What is 4 + -20 - -28 - 15?
-3
(4 - -2) + (2 - 0) - (254 + -244)
-2
Calculate 0 + (11 - -2) + 3 + -55 + 61.
22
What is -61 - (-61 + 25) - -13?
-12
Evaluate -12 - (-8 + (17 - (5 + 2))).
-14
Calculate -1 + 1 - (54 + -68).
14
Calculate 1 + 5 - (16 - 18 - -14).
-6
(51 - (-30 - -79)) + (-1 - 1)
0
What is the value of -16 - (-17 - (-39 - -23))?
-15
Evaluate -2 + -1 - 0 - (-16 + 7).
6
Calculate -37 + 42 - (7 + 1).
-3
What is the value of 1 + -1 - (-26 + 31) - (-1 + -2)?
-2
What is the value of 41 + 33 + -3 + -105?
-34
What is (9 - -1) + ((4 - 15) + 23 - 14)?
8
Calculate -15 - (-10 + 11 + -51) - (9 - -1).
25
Calculate (15 - -5 - 14) + (-1 - 8).
-3
-46 + 43 - (31 - 4)
-30
Evaluate (3 - 12) + 7 - 5 - 7.
-14
What is (-2 - (-3 + 8 + -6 - -3)) + 6?
2
What is the value of -35 - -55 - 16 - 12?
-8
What is the value of (-13 - 0) + (52 - (16 - -13))?
10
Calculate -303 + 299 + 15 + 2 + 0.
13
Evaluate (9 + -3 + -17 - (0 + 1)) + -1.
-13
Evaluate -29 + ((18 - 11) + 8 - 10).
-24
-3 + 0 - (45 - 39) - 13
-22
Evaluate 9 + -16 + (5 + -2 - (2 - -1)).
-7
What is the value of -2 - (-12 - (3 - 0)) - (-928 + 927)?
14
4 - (-22 + 11 + 3 - -25)
-13
What is -2 + 6 + -3 + 3 + (-22 - -8)?
-10
What is the value of -3 + 16 - (46 - 24)?
-9
-7 + -20 + 43 - -4
20
-2 + ((6 - 32) + 0 - -11)
-17
Evaluate -3 + 2 - (7 + 7 - (-3 - -8)).
-10
-43 - 24 - -57 - (-31 + 1)
20
Calculate -11 - (-27 + 12) - 6.
-2
Evaluate (-8 - (-5 + 1 + -22)) + -10.
8
What is -3 - -39 - (189 - 180)?
27
Evaluate -5 - (2 - (-11 - -27)).
9
Evaluate 18 + -1 - (54 - 42).
5
Calculate -15 - (-17 - (-6 + 0) - -3).
-7
Calculate 20 + -14 + -9 + 0.
-3
Evaluate 240 - 235 - (-1 + 0 + -1 + -7).
14
What is the value of (-17 - -17 - 23) + 12?
-11
-21 - -6 - (-3 - 18)
6
Evaluate (12 - (13 - (6 + 2))) + 19 + -10.
16
Evaluate 1 + -3 + 18 + -18 + 11.
9
-16 - (-26 + (57 - 30))
-17
Evaluate 1 + -17 - (4 + (-21 + 10 - -5)).
-14
What is the value of (-72 - -97) + (-41 - -2)?
-14
Calculate -170 - -133 - (-1 - 7).
-29
Evaluate (19 - (48 + -20)) + 13.
4
Evaluate -7 + (-1 - (2 - -8 - 16)).
-2
Calculate -27 + (-3 - (-11 + -6)).
-13
4 + (6 - -3) + (-68 - -25)
-30
Evaluate (3 + -2 - -8) + (16 - 13) + -7.
5
What is the value of 15 + (11 + -19 - 12)?
-5
20 + -27 + (8 - 5)
-4
What is -3 - (21 + (-34 - 6))?
16
What is 10 + (-3 - 44) + 5 + (-3 - -4)?
-31
Calculate -19 - (-11 - (-27 + 32)).
-3
What is the value of 11 - (22 - (0 - -21)) - -2?
12
What is the value of -4 + 2 - (-48 + 33)?
13
Evaluate -6 + (-6 + -3 + 12 - 2).
-5
Evaluate -114 + 117 + (-1 - 5) + (-1 - 10).
-14
-10 - (25 + -18 + 0 + -6)
-11
-14 - 13 - -18 - 4
-13
What is the value of -9 + -3 + (-46 - -54)?
-4
Calculate -86 + 78 + (-5 - 2 - -1).
-14
What is the value of -5 - -1 